vided by 1540?
145
What is the remainder when 13888 is divided by 4587?
127
Calculate the remainder when 11764 is divided by 106.
104
Calculate the remainder when 71492 is divided by 27.
23
Calculate the remainder when 225658 is divided by 656.
650
What is the remainder when 7763 is divided by 694?
129
Calculate the remainder when 2164027 is divided by 191.
188
Calculate the remainder when 11676 is divided by 76.
48
Calculate the remainder when 164300 is divided by 126.
122
What is the remainder when 30476 is divided by 15?
11
What is the remainder when 42122 is divided by 91?
80
Calculate the remainder when 80060 is divided by 15.
5
Calculate the remainder when 21572081 is divided by 42.
41
Calculate the remainder when 45761 is divided by 22354.
1053
What is the remainder when 66742 is divided by 94?
2
What is the remainder when 5728 is divided by 1143?
13
Calculate the remainder when 16001 is divided by 40.
1
Calculate the remainder when 11687 is divided by 156.
143
What is the remainder when 11092 is divided by 10857?
235
What is the remainder when 1109 is divided by 556?
553
Calculate the remainder when 2297 is divided by 341.
251
Calculate the remainder when 32458 is divided by 53.
22
Calculate the remainder when 46528 is divided by 45.
43
What is the remainder when 1015 is divided by 33?
25
Calculate the remainder when 436996 is divided by 80.
36
Calculate the remainder when 28479 is divided by 110.
99
What is the remainder when 37518 is divided by 1137?
1134
What is the remainder when 8508 is divided by 1690?
58
Calculate the remainder when 31893 is divided by 1768.
69
Calculate the remainder when 408456 is divided by 136135.
51
Calculate the remainder when 82544 is divided by 43.
27
Calculate the remainder when 2156 is divided by 151.
42
Calculate the remainder when 7437 is divided by 642.
375
What is the remainder when 1241 is divided by 239?
46
Calculate the remainder when 193752 is divided by 20.
12
Calculate the remainder when 7473 is divided by 3688.
97
What is the remainder when 1826 is divided by 319?
231
What is the remainder when 7551 is divided by 485?
276
Calculate the remainder when 10933 is divided by 1211.
34
What is the remainder when 6173 is divided by 873?
62
What is the remainder when 121249 is divided by 70?
9
What is the remainder when 106484 is divided by 14?
0
What is the remainder when 44762 is divided by 2131?
11
What is the remainder when 15371 is divided by 224?
139
What is the remainder when 13731 is divided by 403?
29
What is the remainder when 296647 is divided by 850?
847
Calculate the remainder when 184230 is divided by 205.
140
What is the remainder when 336345 is divided by 1922?
1917
Calculate the remainder when 47997 is divided by 15966.
99
Calculate the remainder when 8544 is divided by 36.
12
Calculate the remainder when 535984 is divided by 89330.
4
Calculate the remainder when 1022308 is divided by 78639.
1
Calculate the remainder when 114271 is divided by 23.
7
What is the remainder when 1197 is divided by 8?
5
Calculate the remainder when 3937 is divided by 178.
21
Calculate the remainder when 54961 is divided by 604.
601
Calculate the remainder when 26521 is divided by 7.
5
What is the remainder when 119004 is divided by 105?
39
What is the remainder when 526019 is divided by 10?
9
Calculate the remainder when 12329 is divided by 6061.
207
What is the remainder when 57898 is divided by 14474?
2
What is the remainder when 4155374 is divided by 375?
374
What is the remainder when 1804 is divided by 360?
4
What is the remainder when 3765 is divided by 631?
610
What is the remainder when 894359 is divided by 1157?
1155
What is the remainder when 243 is divided by 6?
3
Calculate the remainder when 16926 is divided by 805.
21
Calculate the remainder when 3512085 is divided by 6.
3
Calculate the remainder when 3875 is divided by 339.
146
Calculate the remainder when 3421 is divided by 994.
439
What is the remainder when 44045 is divided by 44036?
9
What is the remainder when 51296 is divided by 20?
16
What is the remainder when 10742 is divided by 147?
11
Calculate the remainder when 23690 is divided by 11816.
58
What is the remainder when 27667 is divided by 66?
13
What is the remainder when 596200 is divided by 31?
8
What is the remainder when 1458 is divided by 132?
6
Calculate the remainder when 5957 is divided by 1921.
194
Calculate the remainder when 171940 is divided by 42985.
0
What is the remainder when 791 is divided by 193?
19
What is the remainder when 1704932 is divided by 47359?
8
What is the remainder when 8467 is divided by 35?
32
What is the remainder when 248341 is divided by 239?
20
What is the remainder when 4026 is divided by 234?
48
Calculate the remainder when 11939 is divided by 1297.
266
Calculate the remainder when 2413 is divided by 1121.
171
Calculate the remainder when 120915 is divided by 54.
9
What is the remainder when 9934 is divided by 38?
16
Calculate the remainder when 2248 is divided by 114.
82
What is the remainder when 7051789 is divided by 849?
844
Calculate the remainder when 3524 is divided by 1681.
162
What is the remainder when 135167 is divided by 197?
25
What is the remainder when 13494 is divided by 6738?
18
What is the remainder when 18808 is divided by 265?
258
What is the remainder when 888 is divided by 29?
18
Calculate the remainder when 16809 is divided by 48.
9
What is the remainder when 172751 is divided by 8?
7
Calculate the remainder when 2222199 is divided by 410.
409
What is the remainder when 14845 is divided by 4938?
31
Calculate the remainder when 220318 is divided by 288.
286
Calculate the remainder when 88512 is divided by 11.
6
Calculate the remainder when 2095974 is divided by 776.
774
What is the remainder when 99567 is divided by 17?
15
Calculate the remainder when 5672 is divided by 299.
290
Calculate the remainder when 2864 is divided by 52.
4
Calculate the remainder when 1597 is divided by 1536.
61
Calculate the remainder when 949 is divided by 387.
175
Calculate the remainder when 4521 is divided by 2245.
31
What is the remainder when 1528825 is divided by 13?
12
Calculate the remainder when 3171 is divided by 12.
3
What is the remainder when 387807 is divided by 15?
12
Calculate the remainder when 1005873 is divided by 1625.
1623
What is the remainder when 19425 is divided by 699?
552
What is the remainder when 422 is divided by 32?
6
Calculate the remainder when 50796 is divided by 2988.
0
What is the remainder when 9649 is divided by 9218?
431
What is the remainder when 2811 is divided by 1175?
461
Calculate the remainder when 18483 is divided by 924.
3
Calculate the remainder when 15994 is divided by 224.
90
Calculate the remainder when 1697508 is divided by 1250.
8
Calculate the remainder when 1009111 is divided by 313.
312
What is the remainder when 1875 is divided by 516?
327
What is the remainder when 8446 is divided by 472?
422
What is the remainder when 12200 is divided by 10?
0
What is the remainder when 82147 is divided by 323?
105
Calculate the remainder when 3664 is divided by 726.
34
What is the remainder when 109735 is divided by 36576?
7
What is the remainder when 3101 is divided by 102?
41
What is the remainder when 92772 is divided by 23179?
56
What is the remainder when 6863 is divided by 16?
15
What is the remainder when 15037 is divided by 2998?
47
Calculate the remainder when 4996 is divided by 1632.
100
What is the remainder when 1849 is divided by 29?
22
Calculate the remainder when 11498 is divided by 442.
6
Calculate the remainder when 6057 is divided by 1834.
555
What is the remainder when 6595231 is divided by 2844?
2839
Calculate the remainder when 39256 is divided by 1234.
1002
Calculate the remainder when 35411 is divided by 17702.
7
What is the remainder when 135889 is divided by 9?
7
What is the remainder when 2100985 is divided by 67?
66
Calculate the remainder when 70528 is divided by 6.
4
Calculate the remainder when 49534 is divided by 27.
16
Calculate the remainder when 6107 is divided by 3042.
23
What is the remainder when 1986 is divided by 397?
1
Calculate the remainder when 4326 is divided by 20.
6
What is the remainder when 5703 is divided by 184?
183
What is the remainder when 5792